igit of 23211?
3
What is the units digit of 7023?
3
What is the units digit of 263?
3
What is the thousands digit of 7758?
7
What is the tens digit of 41746?
4
What is the tens digit of 2616?
1
What is the hundreds digit of 3874?
8
What is the tens digit of 966?
6
What is the hundreds digit of 14519?
5
What is the hundreds digit of 7490?
4
What is the hundreds digit of 22432?
4
What is the tens digit of 1879?
7
What is the tens digit of 393?
9
What is the units digit of 30061?
1
What is the units digit of 8?
8
What is the units digit of 9787?
7
What is the tens digit of 210942?
4
What is the tens digit of 720?
2
What is the thousands digit of 1881?
1
What is the tens digit of 1083?
8
What is the thousands digit of 9058?
9
What is the units digit of 578?
8
What is the thousands digit of 1558?
1
What is the units digit of 376?
6
What is the units digit of 1296?
6
What is the units digit of 245?
5
What is the units digit of 6168?
8
What is the thousands digit of 143720?
3
What is the hundreds digit of 39225?
2
What is the tens digit of 6532?
3
What is the tens digit of 1790?
9
What is the hundreds digit of 295?
2
What is the hundreds digit of 230?
2
What is the tens digit of 6303?
0
What is the tens digit of 474?
7
What is the hundreds digit of 1310?
3
What is the tens digit of 49555?
5
What is the ten thousands digit of 10639?
1
What is the tens digit of 5707?
0
What is the thousands digit of 29588?
9
What is the units digit of 106253?
3
What is the units digit of 2433?
3
What is the units digit of 8415?
5
What is the hundreds digit of 1533?
5
What is the tens digit of 1631?
3
What is the units digit of 2562?
2
What is the hundreds digit of 84465?
4
What is the thousands digit of 28091?
8
What is the thousands digit of 2103?
2
What is the tens digit of 489?
8
What is the thousands digit of 6413?
6
What is the thousands digit of 14501?
4
What is the hundreds digit of 99643?
6
What is the units digit of 8926?
6
What is the thousands digit of 5511?
5
What is the tens digit of 691?
9
What is the tens digit of 869?
6
What is the thousands digit of 96172?
6
What is the hundreds digit of 1595?
5
What is the thousands digit of 1209?
1
What is the units digit of 59628?
8
What is the units digit of 169?
9
What is the units digit of 3221?
1
What is the thousands digit of 1809?
1
What is the thousands digit of 7428?
7
What is the ten thousands digit of 67270?
6
What is the thousands digit of 11443?
1
What is the hundreds digit of 330?
3
What is the units digit of 8847?
7
What is the thousands digit of 23130?
3
What is the ten thousands digit of 16340?
1
What is the hundreds digit of 13846?
8
What is the units digit of 43777?
7
What is the units digit of 18636?
6
What is the ten thousands digit of 79610?
7
What is the units digit of 618?
8
What is the thousands digit of 3446?
3
What is the thousands digit of 1302?
1
What is the units digit of 42052?
2
What is the thousands digit of 6023?
6
What is the tens digit of 6164?
6
What is the tens digit of 202?
0
What is the thousands digit of 1511?
1
What is the hundreds digit of 7272?
2
What is the hundreds digit of 2890?
8
What is the units digit of 5192?
2
What is the hundreds digit of 49291?
2
What is the thousands digit of 5936?
5
What is the hundreds digit of 27953?
9
What is the hundred thousands digit of 113246?
1
What is the hundreds digit of 3820?
8
What is the hundreds digit of 6447?
4
What is the units digit of 338?
8
What is the thousands digit of 11973?
1
What is the ten thousands digit of 21670?
2
What is the tens digit of 793?
9
What is the thousands digit of 63059?
3
What is the thousands digit of 36974?
6
What is the hundreds digit of 11446?
4
What is the ten thousands digit of 97316?
9
What is the ten thousands digit of 123683?
2
What is the tens digit of 1954?
5
What is the tens digit of 1347?
4
What is the hundreds digit of 7569?
5
What is the thousands digit of 72323?
2
What is the units digit of 18715?
5
What is the tens digit of 1428?
2
What is the tens digit of 803?
0
What is the units digit of 961?
1
What is the tens digit of 6519?
1
What is the thousands digit of 43324?
3
What is the hundred thousands digit of 155714?
1
What is the tens digit of 906?
0
What is the ten thousands digit of 23776?
2
What is the units digit of 2522?
2
What is the ten thousands digit of 17742?
1
What is the hundreds digit of 67180?
1
What is the tens digit of 540?
4
What is the hundreds digit of 12917?
9
What is the hundreds digit of 82384?
3
What is the hundreds digit of 11086?
0
What is the tens digit of 8715?
1
What is the hundreds digit of 10689?
6
What is the units digit of 93720?
0
What is the hundreds digit of 1606?
6
What is the tens digit of 821?
2
What is the units digit of 55599?
9
What is the thousands digit of 8693?
8
What is the thousands digit of 16168?
6
What is the ten thousands digit of 77959?
7
What is the units digit of 108646?
6
What is the tens digit of 24527?
2
What is the thousands digit of 37294?
7
What is the hundreds digit of 37413?
4
What is the thousands digit of 3676?
3
What is the tens digit of 787?
8
What is the hundreds digit of 1365?
3
What is the thousands digit of 3669?
3
What is the tens digit of 28252?
5
What is the tens digit of 1935?
3
What is the thousands digit of 24389?
4
What is the ten thousands digit of 39416?
3
What is the thousands digit of 3101?
3
What is the hundreds digit of 823?
8
What is the thousands digit of 5674?
5
What is the hundreds digit of 90004?
0
What is the hundreds digit of 16879?
8
What is the hundreds digit of 2660?
6
What is the units digit of 292?
2
What is the units digit of 1478?
8
What is the hundreds digit of 30471?
4
What is the hundreds digit of 10858?
8
What is the units digit of 2299?
9
What is the units digit of 29862?
2
What is the thousands digit of 3868?
3
What is the tens digit of 35572?
7
What is the units digit of 5228?
8
What is the tens digit of 699?
9
What is the hundreds digit of 6037?
0
What is the hundreds digit of 39747?
7
What is the hundreds digit of 60106?
1
What is the hundreds digit of 26069?
0
What is the hundreds digit of 1576?
5
What is the thousands digit of 2462?
2
What is the ten thousands digit of 61896?
6
What is the tens digit of 8328?
2
What is the ten thousands digit of 41791?
4
What is the hundreds digit of 9546?
5
What is the units digit of 230?
0
What is the thousands digit of 13063?
3
What is the tens digit of 3946?
4
What is the units digit of 87?
7
What is the units digit of 37352?
2
What is the units digit of 3497?
7
What is the tens digit of 33288?
8
What is the tens digit of 36020?
2
What is the tens digit of 1256?
5
What is the hundreds digit of 34403?
4
What is the units digit of 2478?
8
What is the tens digit of 381?
8
What is the units digit of 5735?
5
What is the units digit of 1325?
5
What is the thousands digit of 23420?
3
What is the hundreds digit of 4363?
3
What is the tens digit of 1813?
1
What is the units digit of 7334?
4
What is the hundreds digit of 461?
4
What is the units digit of 1029?
9
What is the thousands digit of 21867?
1
What is the units digit of 788?
8
What is the units digit of 10423?
3
What is the tens digit of 59478?
7
What is the thousands digit of 3124?
3
What is the hundreds digit of 6917?
9
What is the units digit of 305?
5
What is the tens digit of 3658?
5
What is the thousands digit of 1448?
1
What is the hundreds digit of 567?
5
What is the ten thousands digit of 17593?
1
What is the tens digit of 3106?
0
What is the hundreds digit of 1376?
3
What is the thousands digit of 2003?
2
What is the units digit of 4209?
9
What is the hundreds digit of 4202?
2
What is the units digit of 140505?
5
What is the hundreds digit of 1092?
0
What is the hundreds digit of 12728?
7
What is the hundreds digit of 6743?
7
What is the hundreds digit of 81367?
3
What is the tens digit of 3354?
5
What is the hundreds digit of 9102?
1
What is the hundred thousands digit of 166513?
1
What is the ten thousands digit of 55689?
5
What is the hundreds digit of 16581?
5
What is the units digit of 9713?
3
What is the units digit of 1753?
3
What is the tens digit of 421?
2
What is the units digit of 60200?
0
What is the tens digit of 2651?
5
What is the ten thousands digit of 59317?
5
What